and 56?
8
Let l(g) = -g**3 - 5*g**2 + 15*g + 24. Let x be l(-7). Calculate the greatest common factor of 102 and x.
17
Suppose z + 1 = 2*r, r - 5*z = -4*r - 10. Let p be (18/(-3) - 0)*(-180)/20. What is the highest common factor of p and r?
3
Let i = -117 - -168. Let r = 9 + -6. Suppose 2*p + r = 37. Calculate the highest common factor of i and p.
17
Let c(w) = w**3 + w**2 - 2*w + 105. Let r be c(0). Calculate the greatest common divisor of r and 21.
21
Let c = 26 + -16. Let u(b) = 2*b - 86. Let f be u(48). What is the highest common factor of f and c?
10
Suppose 14*s - 6 + 34 = 0. Let r be 20/(-15)*(s - (7 + -3)). Let q(z) = -z**3 - 4*z**2 + z - 4. Let a be q(-5). What is the greatest common divisor of a and r?
8
Let t(n) = -n - 3. Let d be t(-5). Suppose v = d*v - 28. Let a(y) = -123*y - 391. Let u be a(-5). What is the highest common factor of v and u?
28
Suppose 8 = -4*r, 92 = 2*j - 68*r + 66*r. What is the greatest common divisor of j and 352?
44
Suppose 12 = -3*x, 3*b = b + 3*x + 28. Let t = -9 + b. Let w be 3/2*(t - -85). Calculate the greatest common divisor of w and 14.
14
Let q(u) = 32*u - 58. Let b be q(14). Calculate the highest common divisor of 30 and b.
30
Suppose o + 200 = 340. Suppose 85 = -5*t + 5*v, 6 = -2*v - 0. Let j = 8 - t. What is the highest common factor of j and o?
28
Suppose -13*c = 3*x - 11*c - 82, 38 = 2*x - 2*c. Suppose -114 = -4*n + 78. Calculate the greatest common divisor of x and n.
24
Suppose 10 = 4*m - 10. Suppose -m*k + f + 125 = 0, 0*k - 76 = -4*k - 4*f. What is the greatest common factor of 6 and k?
6
Suppose 69*t + 5576 = 77*t. Calculate the greatest common divisor of 17 and t.
17
Suppose -4*n + 2*n = -4*a - 8, 0 = -a + 2*n - 8. Suppose a = -51*b + 49*b + 40. Calculate the highest common divisor of 160 and b.
20
Let k be (-1)/1 - -8 - (-1 + 5). Suppose 4*o = 103 + 5. Calculate the highest common factor of k and o.
3
Let a be 3 - (-1 + 12)*1. Let p = -6 - a. Let m be p/(3 - 1) - -4. Calculate the greatest common divisor of m and 2.
1
Suppose -2*h + 12 = 4*a, -4*a = -5*h - 16 + 60. Let j be 3 + (104 - (h + -5)). What is the highest common factor of j and 8?
8
Let r(j) = -j - 1. Let q(h) = -2*h - 4. Let y(i) = q(i) - 3*r(i). Let k be y(-10). Let p = 16 + k. What is the greatest common factor of p and 10?
5
Let z = -128 - -21. Let s = z + 167. Let o be (20/(-14))/((-45)/756). Calculate the highest common factor of s and o.
12
Suppose 0 = 3*a + 87 + 321. Let b = 200 + a. Calculate the highest common divisor of 8 and b.
8
Suppose -3276*y = -3285*y + 16254. Calculate the greatest common factor of y and 42.
42
Suppose 59 = 3*p - 1. Suppose 0 = -4*a - 22 + 262. What is the highest common divisor of p and a?
20
Let j be 36/10 - 4/(-10). Let a be (-1 + -5)*(-48)/18. Suppose -a = -j*b + 2*b. What is the highest common factor of 8 and b?
8
Let z(m) = -m - 6. Let l be z(-8). Let t(w) = 3 - 8 - 7*w - l + w**2. Let b be t(-13). Calculate the highest common divisor of b and 23.
23
Let k be 3/((-5)/(2 - 7)). What is the greatest common factor of k and 33?
3
Suppose -11*r + 251 = 31. Let q(y) = -80*y. Let c be q(-2). Calculate the greatest common factor of c and r.
20
Suppose k + 24 = 2*h, -6*k + 24 = 2*h - 4*k. Calculate the greatest common factor of 21 and h.
3
Let s be (22/3)/(1/6). Let c = -83 + 85. Suppose 5*u = -c*v + 47, 2*v + 3*u = v + 26. What is the highest common factor of v and s?
11
Let m(l) = 15*l + 4. Let g = 22 + -20. Let s be m(g). Calculate the highest common factor of 34 and s.
34
Let q = -3 - -10. Let y = 50 - 36. Calculate the greatest common factor of y and q.
7
Suppose -28 = 2*i + 6. Let t(v) = -v**3 - 14*v**2 + 34*v + 39. Let p be t(i). Calculate the highest common divisor of p and 41.
41
Suppose 5*u - 12 + 2 = 0. Suppose 0 = 3*z - r + 2*r - 215, -u*r = -3*z + 218. What is the greatest common divisor of z and 18?
18
Suppose 0 = 4*m - 2009 + 1517. Calculate the highest common divisor of 164 and m.
41
Suppose 3*x - 26 = 5*c, -3*x + 50 = x + c. Suppose 0 = 39*b + 29*b - 408. What is the greatest common factor of x and b?
6
Suppose 25 = 5*j + 5*a, -4 = 4*j - 5*a - 33. Suppose -j*t + 80 + 22 = 0. Suppose 0 = l + 2, -3*k + 144 = k - 4*l. What is the greatest common factor of t and k?
17
Suppose -13*b + 16*b = 399. Suppose -3*d = -2*h + 53, -5*h + 48 = d - 42. What is the greatest common factor of b and h?
19
Let h(n) = 6*n - 96. Let u be h(19). Calculate the highest common divisor of u and 90.
18
Suppose 4*j + 112 = 4*h, -2*h - 5*j + 100 = h. Let u = h - 19. Suppose 45 = 2*f + 1. Calculate the greatest common divisor of u and f.
11
Suppose -4*g = -7*g - 3, -g = z - 23. What is the greatest common factor of z and 372?
12
Suppose 28 = -103*s + 110*s. Calculate the highest common divisor of 2 and s.
2
Let j be 4*24/32*76. What is the greatest common factor of j and 285?
57
Suppose 5*n + 56 - 316 = 0. Suppose n = -5*r + 9*r. Let w be 40/(-6)*(-390)/25. What is the greatest common divisor of r and w?
13
Suppose -3*m - 12 - 15 = 3*r, -5*m + 3*r - 13 = 0. Let w(f) = f**2 - f. Let q be w(m). Calculate the greatest common factor of q and 12.
6
Suppose 0 = -3*r + 2*b + 1160, b = 2*r - 1181 + 406. What is the greatest common factor of 325 and r?
65
Let p be 5/(-5) - (-2 + 4). Let g = p - -20. What is the highest common divisor of g and 68?
17
Let m be 4/6 + (-118)/(-3). Suppose -19 = -5*z - a + 8, 3 = -a. Suppose -2*y - z = -2*s, -52 = -4*s - 5*y + 5. What is the greatest common divisor of s and m?
8
Suppose -2 = -4*i + 3*i. Suppose 2*o = -2*v + 2, -3*o + i*v + 19 = -9. Suppose -3*g = -0*g - o. Calculate the highest common divisor of 14 and g.
2
Let d = 102 - 66. Let g be (-33)/6*1920/(-220). Calculate the greatest common divisor of d and g.
12
Suppose 3*i + 48 = 4*a - i, -12 = 3*i. Let j(d) = d**2 - 12*d + 29. Let b be j(3). Let p be (1 - b)/(a/(-432)). What is the highest common divisor of 6 and p?
6
Suppose 29 - 69 = -5*y. Suppose y = -4*q - 4*h + 228, 0 = 5*q + h - 295. Suppose 10 = 2*f - 30. What is the greatest common divisor of q and f?
20
Let z(a) = a**3 - 9*a**2 - 20*a - 15. Let p be z(11). Let r = 31 - p. What is the greatest common divisor of r and 24?
24
Suppose 0 = -5*k + 77 + 98. Let y be (-7 + 77)/(1 - 2/6). Calculate the highest common factor of k and y.
35
Let a be 1*10/8*(-4 - 0). Let s be (-15)/25 + (-168)/a. Calculate the greatest common divisor of 165 and s.
33
Let p(z) = -z**2 - 42*z - 179. Let i be p(-37). What is the greatest common factor of i and 45?
3
Suppose 9*t - 25 = 4*t. Suppose -8*r + 6 = -t*r. Suppose -r*i + 330 = i. Calculate the highest common divisor of 10 and i.
10
Suppose 2*x - 34 = -3*n + 51, 5*n - 4*x = 105. Calculate the greatest common factor of n and 2.
1
Let g(f) = f**2 - 1. Let u be g(-8). Calculate the highest common factor of 27 and u.
9
Suppose 0 = -0*g + 2*g - 4. Suppose o + g*o - 21 = 0. What is the greatest common divisor of 77 and o?
7
Let z be (-7)/((-21)/12) - (3 - 4). Calculate the greatest common factor of z and 130.
5
Suppose q - 14 = 3*x, 0 = -3*q + 3*x + 6 + 24. Calculate the highest common factor of q and 18.
2
Let n = -805 + 872. Calculate the highest common factor of n and 1675.
67
Let s = 16 - 45. Let u = 39 + s. Calculate the highest common factor of u and 20.
10
Let k(a) = -5*a + 17. Let u be k(-4). Let m = u - 34. Calculate the highest common factor of m and 9.
3
Let l(b) = -5*b + 2. Let d be l(-2). Let w(p) = p - 5. Let y be w(d). Let k = y + 10. Calculate the greatest common factor of 85 and k.
17
Suppose 149*w - 63*w - 4816 = 0. Calculate the highest common divisor of w and 24.
8
Let o(n) = n**3 + 11*n**2 - 29*n - 174. Let m be o(-8). Let j = -44 + 69. Calculate the greatest common divisor of j and m.
25
Let i = 251 + -208. Calculate the highest common factor of 86 and i.
43
Let r = 375 - 350. Calculate the highest common factor of r and 400.
25
Let g = -11 + 15. Suppose 3*h + m - 159 = -0*h, -5*m = 5*h - 275. Calculate the highest common factor of g and h.
4
Let f(j) = j**2 + 2*j + 18. Let g = 14 - 8. Let w be f(g). Calculate the highest common divisor of w and 11.
11
Let d = -1658 - -1746. What is the highest common factor of d and 88?
88
Suppose -5*t + 24 + 1 = 2*h, 5*t - 20 = -h. What is the highest common factor of h and 20?
5
Let b be (